ors of b?
2, 3
Let r(a) be the second derivative of -a**4/12 - 2*a**3 + 11*a**2 + 16*a. What are the prime factors of r(-10)?
2, 3, 7
Let p(u) = -u**2 - 5*u + 6. Let y be p(-6). Let l be y/(-3)*(-1)/1. Suppose l = -i + 12 + 17. List the prime factors of i.
29
Let x(g) = -g**3 - g**2 + 2412. List the prime factors of x(0).
2, 3, 67
Suppose 8*p - 7*p = -j + 2919, -2*p = 0. What are the prime factors of j?
3, 7, 139
Suppose 20 = 5*l, 2*l = 2*w + 3*l - 772. List the prime factors of w.
2, 3
Let f(i) = 2*i**3 - 37*i**2 + 143*i + 5. List the prime factors of f(14).
3
Let y = -352 + 596. List the prime factors of y.
2, 61
Let i(v) = -v**2 + 50*v - 45. List the prime factors of i(33).
2, 3, 43
Let q = -6 + 16. Let y(m) = 7 - 8*m + q + 7*m. List the prime factors of y(0).
17
Suppose 8*x - 35*x = -1809. What are the prime factors of x?
67
Let c(z) = -407*z - 3 + 202*z + 197*z. Let x(v) = -v**2 + v + 3. Let u be x(3). What are the prime factors of c(u)?
3, 7
Suppose 4*t + 48 = 2*t. Let p = t - -105. Suppose -p = 5*m - 8*m. List the prime factors of m.
3
Let z(p) be the first derivative of 2*p**2 - 4*p + 6. Let u be z(5). Let g = 19 - u. What are the prime factors of g?
3
Suppose -7*s + 3226 - 349 = 0. List the prime factors of s.
3, 137
Let p = -8 + 13. Suppose p*i + n - 5*n - 297 = 0, -3*i - n = -185. List the prime factors of i.
61
Let b(o) = 31*o**2 + 27*o - 231. List the prime factors of b(9).
3, 29
Let q(u) = 19*u - 88. What are the prime factors of q(8)?
2
Let f = 8676 + -6197. What are the prime factors of f?
37, 67
Let n(t) = 2*t**2 + 37*t + 457. List the prime factors of n(-24).
7, 103
Let f = -18 + 21. Suppose 2 - 29 = -f*t. Suppose -i + 6 + t = 0. List the prime factors of i.
3, 5
Suppose -4*o - 6 = -14. Suppose 0 = o*s - 2*f - 16, -30 - 8 = -5*s + 3*f. List the prime factors of s.
7
Suppose 2*l = 5 + 3. Suppose 5*v + 20 = l*p, -p + 0*p - 2*v + 5 = 0. Suppose -b + p*i = -45, i + 2*i = -9. List the prime factors of b.
2, 3, 5
Suppose -5*m = -2*w + 169, 3*w - 96*m - 241 = -101*m. List the prime factors of w.
2, 41
Let v(y) be the second derivative of y**4/12 - y**3 - y**2 + 7*y. List the prime factors of v(9).
5
Suppose 57*t - 51*t - 4464 = 0. List the prime factors of t.
2, 3, 31
List the prime factors of 4089/21 + 10/(-14) + 1.
3, 5, 13
Let v be -2*2/(-16) - 66/(-24). Suppose v*y - 2*y = -u + 162, 3*y = -5*u + 806. List the prime factors of u.
2, 5
Let h(v) = 8*v + 64. What are the prime factors of h(22)?
2, 3, 5
Suppose 2*i = -3*s + 2691, -5*s - 2*i + 418 = -4063. Suppose s - 2391 = -11*r. List the prime factors of r.
2, 17
Suppose 13923 = 13*v + 4*v. What are the prime factors of v?
3, 7, 13
Suppose -5*m + 75 = 5*s, -2*m + 21 = -m - 5*s. List the prime factors of 40/m*(2/2 - -41).
3, 5, 7
Suppose -4 = -2*q - 0. Let z(r) = -r**3 + 7*r**2 + r - 9. Let i be z(6). Suppose m - i = -q*m. What are the prime factors of m?
11
Suppose 0 = -4*a, -3*m + 4*m = 3*a + 666. Suppose 0*s - 6*s = -m. List the prime factors of s.
3, 37
Let k = 69 + -137. Let q(z) = -6*z**2 - 86*z + 1. Let l be q(-13). Let a = l + k. What are the prime factors of a?
37
Let i be -10*(24/10)/(-3). Suppose -23 = -2*a - 5*w, -5*a + i = -2*w - 2*w. Suppose 3*b = a*m + 160, 157 = 2*b + b - m. List the prime factors of b.
2, 13
Let z = -2050 - -2930. List the prime factors of z.
2, 5, 11
Let g(m) = 3*m - 2. Let z be g(4). Suppose 0*n + z = 2*n. Suppose -3*h = -h - 3*o - n, h - 5*o = -1. What are the prime factors of h?
2
Let k = -2 - -7. Suppose 8 = k*n - 17. Suppose 2*m - 97 = n*s, 5*s - 51 = -2*m + 56. What are the prime factors of m?
3, 17
Suppose -8*d + 7*d = -3. Suppose 0 = d*f + 2*f. Suppose 4*w - 5*i = 36, f*w + 5*w - 45 = 3*i. List the prime factors of w.
3
Let y(p) = 5*p**3 - 3*p**2 + p + 3. Let n be y(-3). Let z = n + 311. List the prime factors of z.
149
Let o be 2304/33 - 20/(-110). Let c(v) = -v**3 + 5*v**2 - 2*v - 1. Let y be c(4). Suppose y*i - 9*i = -o. What are the prime factors of i?
5, 7
Suppose -3*a - 10*t + 5*t + 3634 = 0, -4*t = 2*a - 2424. What are the prime factors of a?
2, 151
Suppose -3*p - 2*p + 15 = 0. Suppose 48 + 147 = p*z. What are the prime factors of z?
5, 13
Suppose -18*i = -59*i + 53792. List the prime factors of i.
2, 41
Let f = -1952 + 3128. Suppose -2*d = -8*d + f. List the prime factors of d.
2, 7
Let m be -108*1*(-10)/15. Suppose m = -z + 5*z. What are the prime factors of z?
2, 3
Suppose -3*f + 6333 = -468. List the prime factors of f.
2267
Suppose -24*m + 45362 = 13*m. List the prime factors of m.
2, 613
Let r = -60 + 108. Suppose 276 - r = n. What are the prime factors of n/20 - 2/5?
11
Let k(b) = 11*b**2 - 273*b - 19. List the prime factors of k(25).
31
Let o(j) = j**3 + 9*j**2 + 3*j - 32. Let f be o(-8). What are the prime factors of (-612)/(-21)*28/f?
2, 3, 17
Suppose 16*i + i = 2448. List the prime factors of i.
2, 3
Let j(m) = m**3 + 6*m**2 + 5*m - 11. List the prime factors of j(7).
661
Let q be -9*(1 - (-23)/3). Let z = q - -270. List the prime factors of z.
2, 3
Let k be (10 - 11)/(1/(-9)). Let i = k + -7. Suppose -t - i*t = -69. What are the prime factors of t?
23
What are the prime factors of (-16 + -1)*13/(-13)?
17
Suppose 5*s + 0*c - 51 = -2*c, -5*c - 3 = -2*s. Suppose s = -3*p + 6*p. Suppose 9 + 21 = p*q. List the prime factors of q.
2, 5
Let t = -413 + 418. Suppose -k + 25 = 4*k, 0 = -x - 5*k + 126. Suppose 84 = t*u - x. What are the prime factors of u?
37
Let y be (1 - 3)/2 - (0 - 4). Suppose c + 5*h = 57, -2*h + 106 = y*c - c. What are the prime factors of c?
2, 13
Suppose 5*n + 4*o + 8 = 0, -2 = 2*o + 2. Suppose p = -n*p + 60. List the prime factors of p.
2, 3, 5
Let j(x) = x**2 - 7*x + 12. Let v be j(5). Suppose 3*b = -2*u + 138, 4*u = -v*b - 0*u + 84. What are the prime factors of b?
2, 3
Let i(s) = 24*s**2 + 5*s - 2 - 1 + s**3 - 32*s**2. List the prime factors of i(10).
13, 19
Let v = 42 - 38. Suppose 6*h = 3*n + h - 11, -v*n = -2*h - 24. What are the prime factors of n?
7
Suppose 5*l - 10*l = -780. List the prime factors of l.
2, 3, 13
Suppose 0 = 2*b - 0 - 8. Suppose b*u - 21 = 3*u. Suppose u - 3 = 2*a. What are the prime factors of a?
3
Let v = 1072 - 83. List the prime factors of v.
23, 43
Suppose 0 = -3*a - t + 716, -3*a + t - 478 = -5*a. What are the prime factors of a?
2, 7, 17
Let m be 1 - (-82)/(-4)*2. Let r = m - -72. What are the prime factors of r/12 + (-2)/3?
2
Let s(z) = z + 2. Let w be s(4). Suppose d = w*d - 800. List the prime factors of d.
2, 5
Suppose -584 = 9*l - 1691. List the prime factors of l.
3, 41
Let t be (-3 - -3) + (-1)/1 - 3. List the prime factors of (t/2 - -228)*1/2.
113
Suppose 0 = 2*k + 2*m - 833 - 7355, 3*k - 12285 = -2*m. What are the prime factors of (-4)/(-18) + k/153?
3
Let m = -13212 - -19531. List the prime factors of m.
71, 89
Let l(y) = -14*y - 1. Let n = -13 - -13. Suppose n = -a + 6*a + 10. List the prime factors of l(a).
3
Suppose 2*n + 0*n + 20 = 0. List the prime factors of ((-8)/n)/((-2)/(-170)).
2, 17
Let c(a) = a + 7. Let w be c(-7). Suppose -2*j = w, -4 - 2 = -3*z + 2*j. Suppose -3*t - 9 = 5*s - 129, z*s + t - 49 = 0. What are the prime factors of s?
3
Suppose -4*g + 2 = 3*z - 17, 5*g = -3*z + 23. List the prime factors of (-4)/z - (-6 + -4).
2, 3
Suppose 6290 = -405*o + 410*o. What are the prime factors of o?
2, 17, 37
Let t be (-6)/(-10) + 6/15. Let g be (2 + 2)*t/2. Let u(l) = l**3 + 2*l**2 + l. List the prime factors of u(g).
2, 3
Let v(z) = -z**3 - 11*z**2 - 15*z + 26. What are the prime factors of v(-13)?
13, 43
Let g(c) = -c**2 + 14*c - 10. Let b be g(9). What are the prime factors of (-5 - -6)/(1/b)?
5, 7
Let d(n) = n**2 - 2*n + 2. Let c be d(3). Let i(p) = p + 6. Let u(m) = -2*m - 6. Let a(g) = -3*i(g) - 4*u(g). List the prime factors of a(c).
31
Let u(h) = h**2 - 14. Let d be u(5). Suppose -7*f - 348 = -d*f. What are the prime factors of f?
3, 29
Suppose -2663 - 6016 = -4*u - 5*j, -3*u + 6508 = 4*j. What are the prime factors of u?
2, 17
Suppose -14*b + 438 + 1592 = 0. Let x = b + -25. List the prime factors of x.
2, 3, 5
Suppose 0*s - 5 = f + s, 5*f + 29 = -s. List the prime factors of (-8)/6*(f + -57).
2, 3, 7
Suppose 5*i - 4*k - 1297 = 0, -2*i + 4*i - 2*k = 518. Suppose 2*u - 354 = -4*o, -o - 3*u = 2*o - i. List the prime factors of o.
2, 3, 5
Let v(l) = 